{"id":1876,"date":"2025-12-11T19:27:22","date_gmt":"2025-12-11T19:27:22","guid":{"rendered":"https:\/\/modelos.ateliedades.com.br\/psicologia\/?page_id=1876"},"modified":"2025-12-11T19:56:13","modified_gmt":"2025-12-11T19:56:13","slug":"galeria-de-fotos","status":"publish","type":"page","link":"https:\/\/modelos.ateliedades.com.br\/psicologia\/galeria-de-fotos\/","title":{"rendered":"Galeria de Fotos"},"content":{"rendered":"\t\t<div data-elementor-type=\"wp-page\" data-elementor-id=\"1876\" class=\"elementor elementor-1876\">\n\t\t\t\t<div class=\"elementor-element elementor-element-52be3c1 e-flex e-con-boxed e-con e-parent\" data-id=\"52be3c1\" data-element_type=\"container\" data-e-type=\"container\" data-settings=\"{&quot;background_background&quot;:&quot;classic&quot;}\">\n\t\t\t\t\t<div class=\"e-con-inner\">\n\t\t<div class=\"elementor-element elementor-element-df4a821 e-con-full e-flex e-con e-child\" data-id=\"df4a821\" data-element_type=\"container\" data-e-type=\"container\">\n\t\t\t\t<div class=\"elementor-element elementor-element-306e857 elementor-widget elementor-widget-heading\" data-id=\"306e857\" data-element_type=\"widget\" data-e-type=\"widget\" data-widget_type=\"heading.default\">\n\t\t\t\t<div class=\"elementor-widget-container\">\n\t\t\t\t\t<h2 class=\"elementor-heading-title elementor-size-default\">CL\u00cdNICA DE PSICOLOGIA EM CURITIBA<\/h2>\t\t\t\t<\/div>\n\t\t\t\t<\/div>\n\t\t\t\t<div class=\"elementor-element elementor-element-928586f elementor-widget elementor-widget-heading\" data-id=\"928586f\" data-element_type=\"widget\" data-e-type=\"widget\" data-widget_type=\"heading.default\">\n\t\t\t\t<div class=\"elementor-widget-container\">\n\t\t\t\t\t<h1 class=\"elementor-heading-title elementor-size-default\">Galeria de Fotos<\/h1>\t\t\t\t<\/div>\n\t\t\t\t<\/div>\n\t\t\t\t<div class=\"elementor-element elementor-element-52541de elementor-icon-list--layout-inline elementor-mobile-align-center elementor-list-item-link-full_width elementor-widget elementor-widget-icon-list\" data-id=\"52541de\" data-element_type=\"widget\" data-e-type=\"widget\" data-widget_type=\"icon-list.default\">\n\t\t\t\t<div class=\"elementor-widget-container\">\n\t\t\t\t\t\t\t<ul class=\"elementor-icon-list-items elementor-inline-items\">\n\t\t\t\t\t\t\t<li class=\"elementor-icon-list-item elementor-inline-item\">\n\t\t\t\t\t\t\t\t\t\t\t<a href=\"https:\/\/modelos.ateliedades.com.br\/psicologia\/\">\n\n\t\t\t\t\t\t\t\t\t\t\t\t<span class=\"elementor-icon-list-icon\">\n\t\t\t\t\t\t\t<svg class=\"ekit-svg-icon icon-home2\" viewBox=\"0 0 32 32\" xmlns=\"http:\/\/www.w3.org\/2000\/svg\"><path d=\"M31.66 13.404l-15.168-11.106c-0.293-0.214-0.69-0.214-0.982 0l-15.169 11.106c-0.37 0.271-0.451 0.792-0.18 1.162s0.792 0.451 1.162 0.18l14.677-10.746 14.677 10.746c0.148 0.108 0.32 0.161 0.491 0.161 0.256 0 0.509-0.118 0.671-0.34 0.271-0.37 0.191-0.891-0.18-1.162zM27.64 14.934c-0.459 0-0.831 0.372-0.831 0.831v13.234h-6.651v-7.224c0-2.293-1.865-4.157-4.157-4.157s-4.157 1.865-4.157 4.157v7.224h-6.651v-13.234c0-0.459-0.372-0.831-0.831-0.831s-0.831 0.372-0.831 0.831v14.066c0 0.459 0.372 0.831 0.831 0.831h8.314c0.437 0 0.795-0.338 0.828-0.767 0.002-0.019 0.003-0.041 0.003-0.065v-8.056c0-1.376 1.119-2.495 2.495-2.495s2.495 1.119 2.495 2.495v8.056c0 0.024 0.001 0.045 0.003 0.064 0.033 0.429 0.391 0.767 0.828 0.767h8.314c0.459 0 0.831-0.372 0.831-0.831v-14.066c-0-0.459-0.372-0.832-0.831-0.832z\"><\/path><\/svg>\t\t\t\t\t\t<\/span>\n\t\t\t\t\t\t\t\t\t\t<span class=\"elementor-icon-list-text\">Home<\/span>\n\t\t\t\t\t\t\t\t\t\t\t<\/a>\n\t\t\t\t\t\t\t\t\t<\/li>\n\t\t\t\t\t\t\t\t<li class=\"elementor-icon-list-item elementor-inline-item\">\n\t\t\t\t\t\t\t\t\t\t<span class=\"elementor-icon-list-text\">Galeria de Fotos<\/span>\n\t\t\t\t\t\t\t\t\t<\/li>\n\t\t\t\t\t\t<\/ul>\n\t\t\t\t\t\t<\/div>\n\t\t\t\t<\/div>\n\t\t\t\t<\/div>\n\t\t\t\t\t<\/div>\n\t\t\t\t<\/div>\n\t\t<div class=\"elementor-element elementor-element-e79a42f e-flex e-con-boxed e-con e-parent\" data-id=\"e79a42f\" data-element_type=\"container\" data-e-type=\"container\" data-settings=\"{&quot;background_background&quot;:&quot;classic&quot;}\">\n\t\t\t\t\t<div class=\"e-con-inner\">\n\t\t<div class=\"elementor-element elementor-element-4dcc655 e-con-full e-flex e-con e-child\" data-id=\"4dcc655\" data-element_type=\"container\" data-e-type=\"container\">\n\t\t\t\t<div class=\"elementor-element elementor-element-f61380b elementor-widget elementor-widget-heading\" data-id=\"f61380b\" data-element_type=\"widget\" data-e-type=\"widget\" data-widget_type=\"heading.default\">\n\t\t\t\t<div class=\"elementor-widget-container\">\n\t\t\t\t\t<h2 class=\"elementor-heading-title elementor-size-default\">Bem-vinda(o) \u00e0 minha galeria<\/h2>\t\t\t\t<\/div>\n\t\t\t\t<\/div>\n\t\t\t\t<div class=\"elementor-element elementor-element-0764100 elementor-widget elementor-widget-text-editor\" data-id=\"0764100\" data-element_type=\"widget\" data-e-type=\"widget\" data-widget_type=\"text-editor.default\">\n\t\t\t\t<div class=\"elementor-widget-container\">\n\t\t\t\t\t\t\t\t\t<p>Aqui voc\u00ea encontra registros do consult\u00f3rio, detalhes do ambiente terap\u00eautico e elementos que fazem parte do meu espa\u00e7o de trabalho. Cada imagem foi pensada para transmitir acolhimento, conforto e a ess\u00eancia do cuidado psicol\u00f3gico que ofere\u00e7o.<\/p>\t\t\t\t\t\t\t\t<\/div>\n\t\t\t\t<\/div>\n\t\t\t\t<div class=\"elementor-element elementor-element-6539452 elementor-mobile-align-center elementor-widget__width-inherit elementor-widget elementor-widget-button\" data-id=\"6539452\" data-element_type=\"widget\" data-e-type=\"widget\" data-widget_type=\"button.default\">\n\t\t\t\t<div class=\"elementor-widget-container\">\n\t\t\t\t\t\t\t\t\t<div class=\"elementor-button-wrapper\">\n\t\t\t\t\t<a class=\"elementor-button elementor-button-link elementor-size-sm\" href=\"https:\/\/wa.me\/5513997875619?text=Ol%C3%A1%20Ateliedades%2C%20visitei%20o%20modelo%20de%20site%20para%20psicologia%20e%20gostaria%20de%20mais%20informa%C3%A7%C3%B5es\">\n\t\t\t\t\t\t<span class=\"elementor-button-content-wrapper\">\n\t\t\t\t\t\t<span class=\"elementor-button-icon\">\n\t\t\t\t<svg aria-hidden=\"true\" class=\"e-font-icon-svg e-fab-whatsapp\" viewBox=\"0 0 448 512\" xmlns=\"http:\/\/www.w3.org\/2000\/svg\"><path d=\"M380.9 97.1C339 55.1 283.2 32 223.9 32c-122.4 0-222 99.6-222 222 0 39.1 10.2 77.3 29.6 111L0 480l117.7-30.9c32.4 17.7 68.9 27 106.1 27h.1c122.3 0 224.1-99.6 224.1-222 0-59.3-25.2-115-67.1-157zm-157 341.6c-33.2 0-65.7-8.9-94-25.7l-6.7-4-69.8 18.3L72 359.2l-4.4-7c-18.5-29.4-28.2-63.3-28.2-98.2 0-101.7 82.8-184.5 184.6-184.5 49.3 0 95.6 19.2 130.4 54.1 34.8 34.9 56.2 81.2 56.1 130.5 0 101.8-84.9 184.6-186.6 184.6zm101.2-138.2c-5.5-2.8-32.8-16.2-37.9-18-5.1-1.9-8.8-2.8-12.5 2.8-3.7 5.6-14.3 18-17.6 21.8-3.2 3.7-6.5 4.2-12 1.4-32.6-16.3-54-29.1-75.5-66-5.7-9.8 5.7-9.1 16.3-30.3 1.8-3.7.9-6.9-.5-9.7-1.4-2.8-12.5-30.1-17.1-41.2-4.5-10.8-9.1-9.3-12.5-9.5-3.2-.2-6.9-.2-10.6-.2-3.7 0-9.7 1.4-14.8 6.9-5.1 5.6-19.4 19-19.4 46.3 0 27.3 19.9 53.7 22.6 57.4 2.8 3.7 39.1 59.7 94.8 83.8 35.2 15.2 49 16.5 66.6 13.9 10.7-1.6 32.8-13.4 37.4-26.4 4.6-13 4.6-24.1 3.2-26.4-1.3-2.5-5-3.9-10.5-6.6z\"><\/path><\/svg>\t\t\t<\/span>\n\t\t\t\t\t\t\t\t\t<span class=\"elementor-button-text\">Falar pelo Whatsapp<\/span>\n\t\t\t\t\t<\/span>\n\t\t\t\t\t<\/a>\n\t\t\t\t<\/div>\n\t\t\t\t\t\t\t\t<\/div>\n\t\t\t\t<\/div>\n\t\t\t\t<\/div>\n\t\t<div class=\"elementor-element elementor-element-82d8b5c e-con-full e-flex e-con e-child\" data-id=\"82d8b5c\" data-element_type=\"container\" data-e-type=\"container\">\n\t\t\t\t<div class=\"elementor-element elementor-element-70896f2 elementor-widget elementor-widget-image\" data-id=\"70896f2\" data-element_type=\"widget\" data-e-type=\"widget\" data-widget_type=\"image.default\">\n\t\t\t\t<div class=\"elementor-widget-container\">\n\t\t\t\t\t\t\t\t\t\t\t\t\t\t\t<img fetchpriority=\"high\" decoding=\"async\" width=\"516\" height=\"108\" src=\"https:\/\/modelos.ateliedades.com.br\/psicologia\/wp-content\/uploads\/2025\/12\/modelo-imagem-psicologa-logotipo-1-200x42.png\" class=\"attachment-large size-large wp-image-1321\" alt=\"\" srcset=\"https:\/\/modelos.ateliedades.com.br\/psicologia\/wp-content\/uploads\/2025\/12\/modelo-imagem-psicologa-logotipo-1.png 516w, https:\/\/modelos.ateliedades.com.br\/psicologia\/wp-content\/uploads\/2025\/12\/modelo-imagem-psicologa-logotipo-1-300x63.png 300w, https:\/\/modelos.ateliedades.com.br\/psicologia\/wp-content\/uploads\/2025\/12\/modelo-imagem-psicologa-logotipo-1-200x42.png 200w\" sizes=\"(max-width: 516px) 100vw, 516px\" \/>\t\t\t\t\t\t\t\t\t\t\t\t\t\t\t<\/div>\n\t\t\t\t<\/div>\n\t\t\t\t<div class=\"elementor-element elementor-element-6ffb853 elementor-widget elementor-widget-text-editor\" data-id=\"6ffb853\" data-element_type=\"widget\" data-e-type=\"widget\" data-widget_type=\"text-editor.default\">\n\t\t\t\t<div class=\"elementor-widget-container\">\n\t\t\t\t\t\t\t\t\t<p>Bem-vinda(o) \u00e0 minha galeria.<br \/>Aqui voc\u00ea encontra registros do consult\u00f3rio, detalhes do ambiente terap\u00eautico e elementos que fazem parte do meu espa\u00e7o de trabalho. Cada imagem foi pensada para transmitir acolhimento, conforto e a ess\u00eancia do cuidado psicol\u00f3gico que ofere\u00e7o.<\/p><p>Sinta-se \u00e0 vontade para explorar e conhecer um pouco mais do lugar onde realizo os atendimentos presenciais, um ambiente tranquilo, reservado e preparado para receber voc\u00ea com privacidade e serenidade.<\/p>\t\t\t\t\t\t\t\t<\/div>\n\t\t\t\t<\/div>\n\t\t\t\t<\/div>\n\t\t\t\t\t<\/div>\n\t\t\t\t<\/div>\n\t\t<div class=\"elementor-element elementor-element-789eba8 e-flex e-con-boxed e-con e-parent\" data-id=\"789eba8\" data-element_type=\"container\" data-e-type=\"container\" data-settings=\"{&quot;background_background&quot;:&quot;classic&quot;}\">\n\t\t\t\t\t<div class=\"e-con-inner\">\n\t\t\t\t<div class=\"elementor-element elementor-element-58e3ab9 gallery-spacing-custom elementor-widget elementor-widget-image-gallery\" data-id=\"58e3ab9\" data-element_type=\"widget\" data-e-type=\"widget\" data-widget_type=\"image-gallery.default\">\n\t\t\t\t<div class=\"elementor-widget-container\">\n\t\t\t\t\t\t\t<div class=\"elementor-image-gallery\">\n\t\t\t<div id='gallery-1' class='gallery galleryid-1876 gallery-columns-2 gallery-size-full'><figure class='gallery-item'>\n\t\t\t<div class='gallery-icon landscape'>\n\t\t\t\t<a data-elementor-open-lightbox=\"yes\" data-elementor-lightbox-slideshow=\"58e3ab9\" data-elementor-lightbox-title=\"modelo-imagem-psic\u00f3loga-galeria-de-fotos-8\" data-e-action-hash=\"#elementor-action%3Aaction%3Dlightbox%26settings%3DeyJpZCI6MTg4MiwidXJsIjoiaHR0cHM6XC9cL21vZGVsb3MuYXRlbGllZGFkZXMuY29tLmJyXC9wc2ljb2xvZ2lhXC93cC1jb250ZW50XC91cGxvYWRzXC8yMDI1XC8xMlwvbW9kZWxvLWltYWdlbS1wc2ljb2xvZ2EtZ2FsZXJpYS1kZS1mb3Rvcy04LmpwZyIsInNsaWRlc2hvdyI6IjU4ZTNhYjkifQ%3D%3D\" href='https:\/\/modelos.ateliedades.com.br\/psicologia\/wp-content\/uploads\/2025\/12\/modelo-imagem-psicologa-galeria-de-fotos-8.jpg'><img decoding=\"async\" width=\"800\" height=\"800\" src=\"https:\/\/modelos.ateliedades.com.br\/psicologia\/wp-content\/uploads\/2025\/12\/modelo-imagem-psicologa-galeria-de-fotos-8.jpg\" class=\"attachment-full size-full\" alt=\"\" srcset=\"https:\/\/modelos.ateliedades.com.br\/psicologia\/wp-content\/uploads\/2025\/12\/modelo-imagem-psicologa-galeria-de-fotos-8.jpg 800w, https:\/\/modelos.ateliedades.com.br\/psicologia\/wp-content\/uploads\/2025\/12\/modelo-imagem-psicologa-galeria-de-fotos-8-300x300.jpg 300w, https:\/\/modelos.ateliedades.com.br\/psicologia\/wp-content\/uploads\/2025\/12\/modelo-imagem-psicologa-galeria-de-fotos-8-150x150.jpg 150w, https:\/\/modelos.ateliedades.com.br\/psicologia\/wp-content\/uploads\/2025\/12\/modelo-imagem-psicologa-galeria-de-fotos-8-768x768.jpg 768w\" sizes=\"(max-width: 800px) 100vw, 800px\" \/><\/a>\n\t\t\t<\/div><\/figure><figure class='gallery-item'>\n\t\t\t<div class='gallery-icon landscape'>\n\t\t\t\t<a data-elementor-open-lightbox=\"yes\" data-elementor-lightbox-slideshow=\"58e3ab9\" data-elementor-lightbox-title=\"modelo-imagem-psic\u00f3loga-galeria-de-fotos-1\" data-e-action-hash=\"#elementor-action%3Aaction%3Dlightbox%26settings%3DeyJpZCI6MTg4MywidXJsIjoiaHR0cHM6XC9cL21vZGVsb3MuYXRlbGllZGFkZXMuY29tLmJyXC9wc2ljb2xvZ2lhXC93cC1jb250ZW50XC91cGxvYWRzXC8yMDI1XC8xMlwvbW9kZWxvLWltYWdlbS1wc2ljb2xvZ2EtZ2FsZXJpYS1kZS1mb3Rvcy0xLmpwZyIsInNsaWRlc2hvdyI6IjU4ZTNhYjkifQ%3D%3D\" href='https:\/\/modelos.ateliedades.com.br\/psicologia\/wp-content\/uploads\/2025\/12\/modelo-imagem-psicologa-galeria-de-fotos-1.jpg'><img decoding=\"async\" width=\"800\" height=\"800\" src=\"https:\/\/modelos.ateliedades.com.br\/psicologia\/wp-content\/uploads\/2025\/12\/modelo-imagem-psicologa-galeria-de-fotos-1.jpg\" class=\"attachment-full size-full\" alt=\"\" srcset=\"https:\/\/modelos.ateliedades.com.br\/psicologia\/wp-content\/uploads\/2025\/12\/modelo-imagem-psicologa-galeria-de-fotos-1.jpg 800w, https:\/\/modelos.ateliedades.com.br\/psicologia\/wp-content\/uploads\/2025\/12\/modelo-imagem-psicologa-galeria-de-fotos-1-300x300.jpg 300w, https:\/\/modelos.ateliedades.com.br\/psicologia\/wp-content\/uploads\/2025\/12\/modelo-imagem-psicologa-galeria-de-fotos-1-150x150.jpg 150w, https:\/\/modelos.ateliedades.com.br\/psicologia\/wp-content\/uploads\/2025\/12\/modelo-imagem-psicologa-galeria-de-fotos-1-768x768.jpg 768w\" sizes=\"(max-width: 800px) 100vw, 800px\" \/><\/a>\n\t\t\t<\/div><\/figure><figure class='gallery-item'>\n\t\t\t<div class='gallery-icon landscape'>\n\t\t\t\t<a data-elementor-open-lightbox=\"yes\" data-elementor-lightbox-slideshow=\"58e3ab9\" data-elementor-lightbox-title=\"modelo-imagem-psic\u00f3loga-galeria-de-fotos-2\" data-e-action-hash=\"#elementor-action%3Aaction%3Dlightbox%26settings%3DeyJpZCI6MTg4NCwidXJsIjoiaHR0cHM6XC9cL21vZGVsb3MuYXRlbGllZGFkZXMuY29tLmJyXC9wc2ljb2xvZ2lhXC93cC1jb250ZW50XC91cGxvYWRzXC8yMDI1XC8xMlwvbW9kZWxvLWltYWdlbS1wc2ljb2xvZ2EtZ2FsZXJpYS1kZS1mb3Rvcy0yLmpwZyIsInNsaWRlc2hvdyI6IjU4ZTNhYjkifQ%3D%3D\" href='https:\/\/modelos.ateliedades.com.br\/psicologia\/wp-content\/uploads\/2025\/12\/modelo-imagem-psicologa-galeria-de-fotos-2.jpg'><img loading=\"lazy\" decoding=\"async\" width=\"800\" height=\"800\" src=\"https:\/\/modelos.ateliedades.com.br\/psicologia\/wp-content\/uploads\/2025\/12\/modelo-imagem-psicologa-galeria-de-fotos-2.jpg\" class=\"attachment-full size-full\" alt=\"\" srcset=\"https:\/\/modelos.ateliedades.com.br\/psicologia\/wp-content\/uploads\/2025\/12\/modelo-imagem-psicologa-galeria-de-fotos-2.jpg 800w, https:\/\/modelos.ateliedades.com.br\/psicologia\/wp-content\/uploads\/2025\/12\/modelo-imagem-psicologa-galeria-de-fotos-2-300x300.jpg 300w, https:\/\/modelos.ateliedades.com.br\/psicologia\/wp-content\/uploads\/2025\/12\/modelo-imagem-psicologa-galeria-de-fotos-2-150x150.jpg 150w, https:\/\/modelos.ateliedades.com.br\/psicologia\/wp-content\/uploads\/2025\/12\/modelo-imagem-psicologa-galeria-de-fotos-2-768x768.jpg 768w\" sizes=\"(max-width: 800px) 100vw, 800px\" \/><\/a>\n\t\t\t<\/div><\/figure><figure class='gallery-item'>\n\t\t\t<div class='gallery-icon landscape'>\n\t\t\t\t<a data-elementor-open-lightbox=\"yes\" data-elementor-lightbox-slideshow=\"58e3ab9\" data-elementor-lightbox-title=\"modelo-imagem-psic\u00f3loga-galeria-de-fotos-3\" data-e-action-hash=\"#elementor-action%3Aaction%3Dlightbox%26settings%3DeyJpZCI6MTg4NSwidXJsIjoiaHR0cHM6XC9cL21vZGVsb3MuYXRlbGllZGFkZXMuY29tLmJyXC9wc2ljb2xvZ2lhXC93cC1jb250ZW50XC91cGxvYWRzXC8yMDI1XC8xMlwvbW9kZWxvLWltYWdlbS1wc2ljb2xvZ2EtZ2FsZXJpYS1kZS1mb3Rvcy0zLmpwZyIsInNsaWRlc2hvdyI6IjU4ZTNhYjkifQ%3D%3D\" href='https:\/\/modelos.ateliedades.com.br\/psicologia\/wp-content\/uploads\/2025\/12\/modelo-imagem-psicologa-galeria-de-fotos-3.jpg'><img loading=\"lazy\" decoding=\"async\" width=\"800\" height=\"800\" src=\"https:\/\/modelos.ateliedades.com.br\/psicologia\/wp-content\/uploads\/2025\/12\/modelo-imagem-psicologa-galeria-de-fotos-3.jpg\" class=\"attachment-full size-full\" alt=\"\" srcset=\"https:\/\/modelos.ateliedades.com.br\/psicologia\/wp-content\/uploads\/2025\/12\/modelo-imagem-psicologa-galeria-de-fotos-3.jpg 800w, https:\/\/modelos.ateliedades.com.br\/psicologia\/wp-content\/uploads\/2025\/12\/modelo-imagem-psicologa-galeria-de-fotos-3-300x300.jpg 300w, https:\/\/modelos.ateliedades.com.br\/psicologia\/wp-content\/uploads\/2025\/12\/modelo-imagem-psicologa-galeria-de-fotos-3-150x150.jpg 150w, https:\/\/modelos.ateliedades.com.br\/psicologia\/wp-content\/uploads\/2025\/12\/modelo-imagem-psicologa-galeria-de-fotos-3-768x768.jpg 768w\" sizes=\"(max-width: 800px) 100vw, 800px\" \/><\/a>\n\t\t\t<\/div><\/figure><figure class='gallery-item'>\n\t\t\t<div class='gallery-icon landscape'>\n\t\t\t\t<a data-elementor-open-lightbox=\"yes\" data-elementor-lightbox-slideshow=\"58e3ab9\" data-elementor-lightbox-title=\"modelo-imagem-psic\u00f3loga-galeria-de-fotos-4\" data-e-action-hash=\"#elementor-action%3Aaction%3Dlightbox%26settings%3DeyJpZCI6MTg4NiwidXJsIjoiaHR0cHM6XC9cL21vZGVsb3MuYXRlbGllZGFkZXMuY29tLmJyXC9wc2ljb2xvZ2lhXC93cC1jb250ZW50XC91cGxvYWRzXC8yMDI1XC8xMlwvbW9kZWxvLWltYWdlbS1wc2ljb2xvZ2EtZ2FsZXJpYS1kZS1mb3Rvcy00LmpwZyIsInNsaWRlc2hvdyI6IjU4ZTNhYjkifQ%3D%3D\" href='https:\/\/modelos.ateliedades.com.br\/psicologia\/wp-content\/uploads\/2025\/12\/modelo-imagem-psicologa-galeria-de-fotos-4.jpg'><img loading=\"lazy\" decoding=\"async\" width=\"800\" height=\"800\" src=\"https:\/\/modelos.ateliedades.com.br\/psicologia\/wp-content\/uploads\/2025\/12\/modelo-imagem-psicologa-galeria-de-fotos-4.jpg\" class=\"attachment-full size-full\" alt=\"\" srcset=\"https:\/\/modelos.ateliedades.com.br\/psicologia\/wp-content\/uploads\/2025\/12\/modelo-imagem-psicologa-galeria-de-fotos-4.jpg 800w, https:\/\/modelos.ateliedades.com.br\/psicologia\/wp-content\/uploads\/2025\/12\/modelo-imagem-psicologa-galeria-de-fotos-4-300x300.jpg 300w, https:\/\/modelos.ateliedades.com.br\/psicologia\/wp-content\/uploads\/2025\/12\/modelo-imagem-psicologa-galeria-de-fotos-4-150x150.jpg 150w, https:\/\/modelos.ateliedades.com.br\/psicologia\/wp-content\/uploads\/2025\/12\/modelo-imagem-psicologa-galeria-de-fotos-4-768x768.jpg 768w\" sizes=\"(max-width: 800px) 100vw, 800px\" \/><\/a>\n\t\t\t<\/div><\/figure><figure class='gallery-item'>\n\t\t\t<div class='gallery-icon landscape'>\n\t\t\t\t<a data-elementor-open-lightbox=\"yes\" data-elementor-lightbox-slideshow=\"58e3ab9\" data-elementor-lightbox-title=\"modelo-imagem-psic\u00f3loga-galeria-de-fotos-5\" data-e-action-hash=\"#elementor-action%3Aaction%3Dlightbox%26settings%3DeyJpZCI6MTg4NywidXJsIjoiaHR0cHM6XC9cL21vZGVsb3MuYXRlbGllZGFkZXMuY29tLmJyXC9wc2ljb2xvZ2lhXC93cC1jb250ZW50XC91cGxvYWRzXC8yMDI1XC8xMlwvbW9kZWxvLWltYWdlbS1wc2ljb2xvZ2EtZ2FsZXJpYS1kZS1mb3Rvcy01LmpwZyIsInNsaWRlc2hvdyI6IjU4ZTNhYjkifQ%3D%3D\" href='https:\/\/modelos.ateliedades.com.br\/psicologia\/wp-content\/uploads\/2025\/12\/modelo-imagem-psicologa-galeria-de-fotos-5.jpg'><img loading=\"lazy\" decoding=\"async\" width=\"800\" height=\"800\" src=\"https:\/\/modelos.ateliedades.com.br\/psicologia\/wp-content\/uploads\/2025\/12\/modelo-imagem-psicologa-galeria-de-fotos-5.jpg\" class=\"attachment-full size-full\" alt=\"\" srcset=\"https:\/\/modelos.ateliedades.com.br\/psicologia\/wp-content\/uploads\/2025\/12\/modelo-imagem-psicologa-galeria-de-fotos-5.jpg 800w, https:\/\/modelos.ateliedades.com.br\/psicologia\/wp-content\/uploads\/2025\/12\/modelo-imagem-psicologa-galeria-de-fotos-5-300x300.jpg 300w, https:\/\/modelos.ateliedades.com.br\/psicologia\/wp-content\/uploads\/2025\/12\/modelo-imagem-psicologa-galeria-de-fotos-5-150x150.jpg 150w, https:\/\/modelos.ateliedades.com.br\/psicologia\/wp-content\/uploads\/2025\/12\/modelo-imagem-psicologa-galeria-de-fotos-5-768x768.jpg 768w\" sizes=\"(max-width: 800px) 100vw, 800px\" \/><\/a>\n\t\t\t<\/div><\/figure><figure class='gallery-item'>\n\t\t\t<div class='gallery-icon landscape'>\n\t\t\t\t<a data-elementor-open-lightbox=\"yes\" data-elementor-lightbox-slideshow=\"58e3ab9\" data-elementor-lightbox-title=\"modelo-imagem-psic\u00f3loga-galeria-de-fotos-6\" data-e-action-hash=\"#elementor-action%3Aaction%3Dlightbox%26settings%3DeyJpZCI6MTg4OCwidXJsIjoiaHR0cHM6XC9cL21vZGVsb3MuYXRlbGllZGFkZXMuY29tLmJyXC9wc2ljb2xvZ2lhXC93cC1jb250ZW50XC91cGxvYWRzXC8yMDI1XC8xMlwvbW9kZWxvLWltYWdlbS1wc2ljb2xvZ2EtZ2FsZXJpYS1kZS1mb3Rvcy02LmpwZyIsInNsaWRlc2hvdyI6IjU4ZTNhYjkifQ%3D%3D\" href='https:\/\/modelos.ateliedades.com.br\/psicologia\/wp-content\/uploads\/2025\/12\/modelo-imagem-psicologa-galeria-de-fotos-6.jpg'><img loading=\"lazy\" decoding=\"async\" width=\"800\" height=\"800\" src=\"https:\/\/modelos.ateliedades.com.br\/psicologia\/wp-content\/uploads\/2025\/12\/modelo-imagem-psicologa-galeria-de-fotos-6.jpg\" class=\"attachment-full size-full\" alt=\"\" srcset=\"https:\/\/modelos.ateliedades.com.br\/psicologia\/wp-content\/uploads\/2025\/12\/modelo-imagem-psicologa-galeria-de-fotos-6.jpg 800w, https:\/\/modelos.ateliedades.com.br\/psicologia\/wp-content\/uploads\/2025\/12\/modelo-imagem-psicologa-galeria-de-fotos-6-300x300.jpg 300w, https:\/\/modelos.ateliedades.com.br\/psicologia\/wp-content\/uploads\/2025\/12\/modelo-imagem-psicologa-galeria-de-fotos-6-150x150.jpg 150w, https:\/\/modelos.ateliedades.com.br\/psicologia\/wp-content\/uploads\/2025\/12\/modelo-imagem-psicologa-galeria-de-fotos-6-768x768.jpg 768w\" sizes=\"(max-width: 800px) 100vw, 800px\" \/><\/a>\n\t\t\t<\/div><\/figure><figure class='gallery-item'>\n\t\t\t<div class='gallery-icon landscape'>\n\t\t\t\t<a data-elementor-open-lightbox=\"yes\" data-elementor-lightbox-slideshow=\"58e3ab9\" data-elementor-lightbox-title=\"modelo-imagem-psic\u00f3loga-galeria-de-fotos-7\" data-e-action-hash=\"#elementor-action%3Aaction%3Dlightbox%26settings%3DeyJpZCI6MTg4OSwidXJsIjoiaHR0cHM6XC9cL21vZGVsb3MuYXRlbGllZGFkZXMuY29tLmJyXC9wc2ljb2xvZ2lhXC93cC1jb250ZW50XC91cGxvYWRzXC8yMDI1XC8xMlwvbW9kZWxvLWltYWdlbS1wc2ljb2xvZ2EtZ2FsZXJpYS1kZS1mb3Rvcy03LmpwZyIsInNsaWRlc2hvdyI6IjU4ZTNhYjkifQ%3D%3D\" href='https:\/\/modelos.ateliedades.com.br\/psicologia\/wp-content\/uploads\/2025\/12\/modelo-imagem-psicologa-galeria-de-fotos-7.jpg'><img loading=\"lazy\" decoding=\"async\" width=\"800\" height=\"800\" src=\"https:\/\/modelos.ateliedades.com.br\/psicologia\/wp-content\/uploads\/2025\/12\/modelo-imagem-psicologa-galeria-de-fotos-7.jpg\" class=\"attachment-full size-full\" alt=\"\" srcset=\"https:\/\/modelos.ateliedades.com.br\/psicologia\/wp-content\/uploads\/2025\/12\/modelo-imagem-psicologa-galeria-de-fotos-7.jpg 800w, https:\/\/modelos.ateliedades.com.br\/psicologia\/wp-content\/uploads\/2025\/12\/modelo-imagem-psicologa-galeria-de-fotos-7-300x300.jpg 300w, https:\/\/modelos.ateliedades.com.br\/psicologia\/wp-content\/uploads\/2025\/12\/modelo-imagem-psicologa-galeria-de-fotos-7-150x150.jpg 150w, https:\/\/modelos.ateliedades.com.br\/psicologia\/wp-content\/uploads\/2025\/12\/modelo-imagem-psicologa-galeria-de-fotos-7-768x768.jpg 768w\" sizes=\"(max-width: 800px) 100vw, 800px\" \/><\/a>\n\t\t\t<\/div><\/figure>\n\t\t<\/div>\n\t\t<\/div>\n\t\t\t\t\t\t<\/div>\n\t\t\t\t<\/div>\n\t\t\t\t\t<\/div>\n\t\t\t\t<\/div>\n\t\t\t\t<\/div>\n\t\t","protected":false},"excerpt":{"rendered":"<p>CL\u00cdNICA DE PSICOLOGIA EM CURITIBA Galeria de Fotos Home Galeria de Fotos Bem-vinda(o) \u00e0 minha galeria Aqui voc\u00ea encontra registros [&hellip;]<\/p>\n","protected":false},"author":1,"featured_media":0,"parent":0,"menu_order":0,"comment_status":"closed","ping_status":"closed","template":"","meta":{"site-sidebar-layout":"no-sidebar","site-content-layout":"","ast-site-content-layout":"full-width-container","site-content-style":"default","site-sidebar-style":"default","ast-global-header-display":"","ast-banner-title-visibility":"","ast-main-header-display":"","ast-hfb-above-header-display":"","ast-hfb-below-header-display":"","ast-hfb-mobile-header-display":"","site-post-title":"","ast-breadcrumbs-content":"","ast-featured-img":"disabled","footer-sml-layout":"","ast-disable-related-posts":"","theme-transparent-header-meta":"","adv-header-id-meta":"","stick-header-meta":"","header-above-stick-meta":"","header-main-stick-meta":"","header-below-stick-meta":"","astra-migrate-meta-layouts":"default","ast-page-background-enabled":"default","ast-page-background-meta":{"desktop":{"background-color":"var(--ast-global-color-4)","background-image":"","background-repeat":"repeat","background-position":"center center","background-size":"auto","background-attachment":"scroll","background-type":"","background-media":"","overlay-type":"","overlay-color":"","overlay-opacity":"","overlay-gradient":""},"tablet":{"background-color":"","background-image":"","background-repeat":"repeat","background-position":"center center","background-size":"auto","background-attachment":"scroll","background-type":"","background-media":"","overlay-type":"","overlay-color":"","overlay-opacity":"","overlay-gradient":""},"mobile":{"background-color":"","background-image":"","background-repeat":"repeat","background-position":"center center","background-size":"auto","background-attachment":"scroll","background-type":"","background-media":"","overlay-type":"","overlay-color":"","overlay-opacity":"","overlay-gradient":""}},"ast-content-background-meta":{"desktop":{"background-color":"var(--ast-global-color-5)","background-image":"","background-repeat":"repeat","background-position":"center center","background-size":"auto","background-attachment":"scroll","background-type":"","background-media":"","overlay-type":"","overlay-color":"","overlay-opacity":"","overlay-gradient":""},"tablet":{"background-color":"var(--ast-global-color-5)","background-image":"","background-repeat":"repeat","background-position":"center center","background-size":"auto","background-attachment":"scroll","background-type":"","background-media":"","overlay-type":"","overlay-color":"","overlay-opacity":"","overlay-gradient":""},"mobile":{"background-color":"var(--ast-global-color-5)","background-image":"","background-repeat":"repeat","background-position":"center center","background-size":"auto","background-attachment":"scroll","background-type":"","background-media":"","overlay-type":"","overlay-color":"","overlay-opacity":"","overlay-gradient":""}},"footnotes":""},"class_list":["post-1876","page","type-page","status-publish","hentry"],"_links":{"self":[{"href":"https:\/\/modelos.ateliedades.com.br\/psicologia\/wp-json\/wp\/v2\/pages\/1876","targetHints":{"allow":["GET"]}}],"collection":[{"href":"https:\/\/modelos.ateliedades.com.br\/psicologia\/wp-json\/wp\/v2\/pages"}],"about":[{"href":"https:\/\/modelos.ateliedades.com.br\/psicologia\/wp-json\/wp\/v2\/types\/page"}],"author":[{"embeddable":true,"href":"https:\/\/modelos.ateliedades.com.br\/psicologia\/wp-json\/wp\/v2\/users\/1"}],"replies":[{"embeddable":true,"href":"https:\/\/modelos.ateliedades.com.br\/psicologia\/wp-json\/wp\/v2\/comments?post=1876"}],"version-history":[{"count":13,"href":"https:\/\/modelos.ateliedades.com.br\/psicologia\/wp-json\/wp\/v2\/pages\/1876\/revisions"}],"predecessor-version":[{"id":1898,"href":"https:\/\/modelos.ateliedades.com.br\/psicologia\/wp-json\/wp\/v2\/pages\/1876\/revisions\/1898"}],"wp:attachment":[{"href":"https:\/\/modelos.ateliedades.com.br\/psicologia\/wp-json\/wp\/v2\/media?parent=1876"}],"curies":[{"name":"wp","href":"https:\/\/api.w.org\/{rel}","templated":true}]}}